alculate the highest common factor of 209879012 and 28.
28
What is the highest common divisor of 207 and 11983239?
9
Calculate the highest common factor of 10953215 and 399.
133
What is the highest common divisor of 1117 and 435838879?
1117
What is the greatest common divisor of 4477608 and 216?
72
Calculate the greatest common factor of 5523 and 462214347.
5523
Calculate the highest common factor of 80652 and 53328.
132
What is the highest common divisor of 159841280 and 20?
20
What is the highest common factor of 60 and 914316?
12
Calculate the highest common factor of 1809531 and 663.
51
What is the highest common factor of 97 and 4356173?
97
Calculate the greatest common divisor of 39590 and 365405.
535
Calculate the greatest common factor of 84033865 and 475.
95
Calculate the highest common factor of 5522409030 and 13855.
13855
What is the greatest common divisor of 288822740 and 16?
4
Calculate the greatest common divisor of 409340446 and 76.
38
Calculate the highest common factor of 2380 and 8530396.
476
Calculate the highest common divisor of 84798 and 35469.
63
Calculate the highest common factor of 127031847 and 9.
3
Calculate the highest common divisor of 1 and 3809686.
1
Calculate the greatest common divisor of 579 and 171653042.
193
What is the greatest common factor of 1933912 and 64?
8
Calculate the highest common divisor of 226029 and 13971.
3
Calculate the greatest common factor of 700 and 382725.
175
What is the greatest common divisor of 27 and 13847571?
27
Calculate the greatest common divisor of 285600 and 165750.
2550
What is the greatest common divisor of 81 and 14537529?
27
What is the greatest common divisor of 4176 and 22036608?
144
What is the greatest common divisor of 3964 and 79036214?
1982
Calculate the highest common divisor of 99385 and 1691833.
143
What is the highest common factor of 216 and 41082264?
72
Calculate the highest common factor of 16790175 and 1725.
75
What is the highest common divisor of 3167627 and 39757?
479
What is the greatest common factor of 11020 and 75467164?
2204
What is the highest common divisor of 72757325 and 2950?
1475
Calculate the greatest common factor of 16141712 and 16.
16
Calculate the highest common factor of 6161015 and 98.
49
What is the greatest common factor of 171 and 13543086?
57
Calculate the greatest common divisor of 25077 and 39507.
39
What is the greatest common factor of 172139943 and 969?
969
Calculate the highest common divisor of 229390 and 12035.
145
What is the highest common divisor of 99 and 1497492?
9
What is the greatest common factor of 104 and 259928?
8
What is the highest common divisor of 35755248 and 11868?
276
Calculate the greatest common divisor of 6 and 1875703134.
6
What is the highest common divisor of 39416 and 2080?
104
What is the highest common factor of 109840 and 12204?
4
What is the greatest common divisor of 101844 and 42815972?
3772
What is the greatest common divisor of 14667606 and 142?
142
What is the highest common factor of 64025275 and 12187?
1741
Calculate the greatest common divisor of 1366170 and 2990.
130
Calculate the greatest common factor of 13035836 and 253.
11
Calculate the greatest common factor of 62016 and 11343.
57
What is the highest common factor of 124872 and 59469?
129
Calculate the highest common factor of 64491 and 449883.
777
Calculate the highest common divisor of 29016 and 34854168.
744
What is the greatest common divisor of 986976 and 345?
69
Calculate the greatest common factor of 51294581 and 49621.
4511
What is the greatest common factor of 3286 and 23832180?
62
What is the greatest common divisor of 66586451 and 141?
47
Calculate the highest common divisor of 170016 and 520536.
552
Calculate the greatest common factor of 365032 and 100.
4
Calculate the highest common divisor of 834491515 and 15740.
3935
What is the highest common divisor of 11354 and 80402540?
1622
Calculate the greatest common factor of 404538 and 4922643.
573
What is the highest common divisor of 17842 and 26094736?
1622
What is the highest common divisor of 5 and 114249595?
5
What is the highest common divisor of 14550458 and 26?
26
What is the greatest common divisor of 61340414 and 206?
206
Calculate the greatest common divisor of 954980 and 520.
260
Calculate the greatest common factor of 9900 and 32815200.
3300
What is the greatest common divisor of 8637669 and 9577?
157
Calculate the highest common divisor of 266 and 1026.
38
What is the highest common factor of 401945 and 7188469?
4231
What is the highest common factor of 171010335 and 8055?
2685
Calculate the highest common divisor of 105678186 and 6078.
6078
Calculate the greatest common factor of 405665562 and 10782.
3594
What is the greatest common factor of 196 and 19967500?
196
Calculate the highest common factor of 1008 and 1520946.
126
What is the greatest common factor of 2643687 and 3407922?
5661
What is the highest common factor of 427352 and 1168?
8
Calculate the highest common factor of 3077 and 65404712.
3077
What is the highest common factor of 283070 and 3260?
10
What is the greatest common factor of 1484029 and 598?
23
What is the highest common divisor of 518 and 2982718?
74
What is the greatest common factor of 34750464 and 46662?
4242
Calculate the greatest common factor of 652 and 275736.
4
Calculate the highest common factor of 24064000 and 61664.
1504
What is the greatest common divisor of 23871252 and 12?
12
Calculate the highest common divisor of 14855288 and 70.
14
Calculate the greatest common divisor of 435170 and 10.
10
Calculate the highest common factor of 64827 and 1635424.
343
What is the greatest common divisor of 836 and 586102?
22
Calculate the greatest common factor of 2415 and 12420690.
345
Calculate the highest common factor of 35370864 and 48.
48
What is the highest common factor of 5390280 and 24570?
1890
Calculate the highest common factor of 5080089 and 42.
21
What is the greatest common factor of 5052601 and 87371?
2131
What is the greatest common divisor of 105 and 69654333?
21
What is the greatest common divisor of 2834154 and 5814?
342
Calculate the greatest common divisor of 187989 and 76043.
223
What is the greatest common factor of 41916314 and 5257?
751
Calculate the greatest common factor of 4432 and 25354364.
1108
What is the highest common divisor of 2888 and 21141224?
152
Calculate the highest common factor of 8036563 and 9129.
3043
Calculate the highest common divisor of 31085 and 2955.
5
Calculate the highest common divisor of 10684350 and 4734.
18
What is the highest common divisor of 15170233 and 715?
13
What is the greatest common divisor of 147733643 and 88877?
2867
Calculate the greatest common factor of 13103178 and 132.
66
What is the greatest common factor of 1556370 and 140?
10
Calculate the greatest common factor of 324103 and 50504.
107
What is the highest common divisor of 117260108 and 8?
4
What is the greatest common factor of 14 and 239896153?
7
What is the highest common divisor of 1683 and 143170821?
153
What is the highest common divisor of 26 and 5215093?
13
What is the highest common divisor of 23537718 and 162?
18
What is the highest common divisor of 85301 and 38612?
197
Calculate the highest common divisor of 1635 and 15466125.
15
Calculate the highest common factor of 660177 and 2727.
27
Calculate the greatest common factor of 2852217 and 2170.
31
What is the highest common divisor of 4305664 and 336?
16
What is the greatest common factor of 527019 and 8?
1
Calculate the greatest common divisor of 237245 and 6670.
115
What is the highest common divisor of 6572 and 2297179?
53
Calculate the greatest common factor of 2170 and 578398.
62
Calculate the greatest common divisor of 302220 and 689704.
292
What is the highest common factor of 694514 and 22?
2
What is the highest common divisor of 2678 and 855907?
13
What is the greatest common factor of 22373 and 97734?
13
Calculate the greatest common factor of 1275504 and 480.
48
What is the greatest common divisor of 277570811 and 14?
7
What is the highest common divisor of 183 and 307758786?
183
Calculate the greatest common factor of 333842423 and 3884.
971
Calculate the greatest common divisor of 11599 and 161282438.
1657
What is the highest com